 + q**3/3 + q. Let t be z(7). Suppose -2*h = -4*h + 28. What is the highest common divisor of t and h?
14
Let u be -132*(0 - (-1)/(-2)). Calculate the greatest common factor of 6 and u.
6
Let l = 135 + -55. Let z(m) = 67*m**2 - m. Let o be z(-1). Suppose 0 = -3*d + 2*f + 42, 5*d + 3*f = 7*f + o. What is the highest common factor of d and l?
16
Let n = 0 - -5. Let r = 58 + -53. What is the greatest common divisor of n and r?
5
Suppose 3*i - 3*g + 297 = 0, i + g = -89 - 0. Let t(q) = -q**3 - 6*q**2 + 5*q. Let w be t(-6). Let r = w - i. Calculate the greatest common divisor of 8 and r.
8
Let u = 857 + -587. What is the greatest common divisor of 30 and u?
30
Suppose -60 = -3*h - h. Let u = 17 + h. Let f = 6 - 2. What is the highest common divisor of u and f?
4
Let r be (-2 + -4)*2/(-3). Suppose 2*b - 223 = -5*s, 0*s - 4*b = r*s - 176. Suppose -4*d + s = d. What is the greatest common divisor of d and 63?
9
Let z(a) = -3 + 7 - 3 + 1 - 7*a. Let w be z(-2). What is the highest common divisor of w and 8?
8
Let n = 167 + 68. Let f = -404 + n. Let z = f - -286. Calculate the highest common factor of 13 and z.
13
Suppose -2*g - 3*g + 130 = 4*n, g - 3*n = 26. What is the greatest common divisor of g and 39?
13
Suppose -2*y = 3*y. Suppose -3*s - 16 + 58 = y. Calculate the greatest common factor of s and 42.
14
Let k(i) = 2*i**2 - 2*i - 1. Let h be k(-1). Let p be (-2)/h + (-22)/(-6). Suppose -p*g + 190 + 50 = 0. What is the highest common divisor of 10 and g?
10
Let w(d) = d**3 + 4*d**2 - 5*d + 5. Let o be w(-5). Suppose -o*j = 2*k + 3*k - 275, 0 = -4*k - 5*j + 223. Calculate the highest common divisor of 13 and k.
13
Suppose y = 3 + 6. What is the greatest common factor of 3 and y?
3
Let h(f) = 7*f**2 + 7. Let l be h(7). What is the greatest common factor of l and 50?
50
Let b(k) be the second derivative of k**3/6 - 2*k**2 + k. Let h be b(7). Suppose -y + h = 2. Calculate the greatest common divisor of 5 and y.
1
Suppose 5*z - 7 = 3*z + n, 2*z - 4*n = 16. What is the greatest common divisor of z and 18?
2
Let o be 1 + (0 - 3) - -50. Let f be ((-4)/10)/((-2)/80). Calculate the greatest common divisor of f and o.
16
Let t(k) = -k**3 + 5*k**2 - 4*k - 7. Let r be t(5). Let m be (-2262)/r - 2/(-9). What is the greatest common factor of 12 and m?
12
Let i(o) = o**2 + 8*o + 3. Let z be i(-8). Let d be (-3)/4*(-8)/z. What is the highest common factor of d and 10?
2
Let j = 19 + -11. Calculate the highest common divisor of 4 and j.
4
Let b = 23 + -15. What is the highest common divisor of b and 12?
4
Let v be (7 - 8)/(1/(-11)). Calculate the highest common divisor of 99 and v.
11
Let x(f) = f + 5*f - 6*f - f + 5. Let q be x(3). Suppose 3*r - q*u - 24 - 7 = 0, 0 = -3*r - u + 25. Calculate the greatest common factor of r and 27.
9
Suppose 3*n - 55 - 65 = 0. Calculate the highest common divisor of n and 5.
5
Suppose 7*b - 72 = 4*b. Calculate the highest common factor of 3 and b.
3
Let x(y) = 4*y - 16. Let a be x(7). Calculate the greatest common divisor of 84 and a.
12
Let j be (-44)/2*(-161)/14. Let w(g) = -g**3 + 2*g**2 + 3*g - 3. Let y be w(2). Suppose y*u - 115 = -2*u. Calculate the highest common divisor of u and j.
23
Let v = 98 - 56. Let u = 47 - -58. What is the highest common divisor of v and u?
21
Let x = -2 - -11. Let a be 3*6/x + 46. What is the highest common factor of a and 16?
16
Let h = -64 - -93. Let a = h + -18. Suppose -5*x - 3*o + 510 = 0, 7*x - 2*x = -2*o + 505. What is the highest common factor of x and a?
11
Suppose 0 = -4*n + 3*n + 27. Calculate the highest common divisor of n and 297.
27
Let m = -19 + 23. Suppose 4*c = m*n + 2*c - 128, -n + 42 = -3*c. Calculate the greatest common factor of 6 and n.
6
Suppose -2*d + 2 = 2*h - 5*h, 2*h - d = 0. Suppose -1 = g - h. Let c(s) = 33*s - 1. Let f be c(g). Calculate the greatest common divisor of f and 8.
8
Let h = 15 + 18. What is the highest common factor of h and 3?
3
Suppose 0 = -4*r + 3*i + 14, -r + 0*r = 4*i + 6. What is the greatest common factor of 2 and r?
2
Let r(v) = -5*v**3 + v. Let i be r(-1). Let z = i + 6. Calculate the greatest common factor of 50 and z.
10
Suppose 5*v = 149 - 29. Suppose 0 = 2*r + 2, t - r = 62 - 1. What is the highest common divisor of v and t?
12
Suppose -1 = -2*q + 1. Suppose -r + q = -10. Calculate the greatest common factor of r and 88.
11
Suppose 0 = -b - b + 52. Suppose -64 = -4*r + 4*v, -2*v - v = -r + b. What is the highest common factor of r and 88?
11
Suppose -5*v + v + 9 = p, -5*p - 3 = -4*v. Suppose -v*n = -8, 4*r - n = n + 88. Calculate the greatest common divisor of 4 and r.
4
Let c be (2 + -1)*(51 + 3). What is the greatest common divisor of 6 and c?
6
Let p(d) = -d**2 - 7*d + 8. Let v be p(-3). What is the greatest common divisor of v and 60?
20
Suppose -4*g + 93 = -3*j, -2*g + 4*j = -5*g + 101. Let o be 5/2 + (-2)/(-4). What is the highest common factor of g and o?
3
Suppose 8 = 5*q - 2. Let n = 5 + -4. Calculate the greatest common divisor of n and q.
1
Suppose b = 5*b - 20. What is the greatest common factor of 10 and b?
5
Suppose 2*l - 2*v - 48 = -l, v = -2*l + 39. Calculate the greatest common divisor of 27 and l.
9
Let p(y) = -y**3 + 4*y**2 - y - 2. Let t be p(3). Suppose -4*o = t*o - 96. Calculate the greatest common factor of 132 and o.
12
Let v be 26/((-1 - 2) + 5). What is the highest common divisor of 117 and v?
13
Suppose -4*a - 972 = -4*m, 0*m - 972 = -4*m - 5*a. What is the highest common divisor of m and 27?
27
Suppose -5*t + 122 = -73. Let y = 13 + t. Let r = -46 + 59. What is the greatest common factor of r and y?
13
Suppose 545 = 4*m - 3*v, -2*m + 4*v = 5*v - 285. What is the highest common factor of m and 14?
14
Let m be 8/(-14) + 948/42. Calculate the greatest common factor of 11 and m.
11
Let o be (-11)/5 - -2 - 62/(-10). What is the highest common divisor of o and 66?
6
Let q = 72 - 56. Calculate the highest common factor of q and 16.
16
Suppose -4*r - 3*m = -180, 0*r = -2*r + 5*m + 116. Let q be 1/(98/r + -2). What is the highest common divisor of q and 8?
8
Suppose 9*s + 221 = 4*s + 3*c, 4*s - 2*c + 176 = 0. Let q = -29 - s. Calculate the greatest common factor of 98 and q.
14
Let g = 27 - 23. What is the greatest common divisor of 28 and g?
4
Let d(w) = 2*w**2. Let v be d(-1). Suppose -4*c + 280 = -5*h - v*c, 0 = -3*h - 3*c - 189. Let p = h + 88. Calculate the greatest common factor of p and 12.
6
Let f(n) = n**2 - 3*n - 8. Let m be f(-4). What is the highest common divisor of m and 180?
20
Suppose 7*y - 3*s - 193 = 3*y, -203 = -4*y + s. What is the highest common divisor of 26 and y?
26
Let s(a) = -5*a - 16*a**2 + 15*a**2 + 5*a - 4*a**3 - 1. Let l be s(-2). Calculate the greatest common divisor of l and 108.
27
Let c(r) = 49*r**2 + 3*r - 2. Let z = 9 - 7. Let m be c(z). Calculate the highest common divisor of 25 and m.
25
Let r be (18/(-15))/(-2)*25. Let h be 272/3 - 10/r. What is the greatest common divisor of 10 and h?
10
Let i be 2 + -3 - (-92)/2. Let d be (40/(-12))/((-6)/i). Calculate the highest common factor of d and 10.
5
Let i = -36 + 37. What is the highest common divisor of i and 11?
1
Let f(d) = d + 1. Let w be f(1). Let q be (40/(-12))/(w/(-6)). Let j = 64 - 34. Calculate the greatest common factor of j and q.
10
Let u be 8/(-20) - (-1294)/10. Suppose 15 + u = 6*v. Calculate the greatest common factor of 72 and v.
24
Suppose 6*c + 20 = 7*c. Calculate the highest common divisor of c and 50.
10
Let d be (-482)/(-5) - (-6)/(-15). Let n(p) = 11*p + 1. Let h = -2 - -3. Let i be n(h). Calculate the highest common divisor of d and i.
12
Suppose 7*n = 3*n + 112. Let r be (18/(-7))/((-6)/n). What is the greatest common divisor of r and 60?
12
Let q = -21 + 36. Let p(f) = -5*f - 5. Let m be -1*(-2 + 9 + -3). Let u be p(m). What is the highest common divisor of u and q?
15
Let s be (9 + -3 - 2) + 2. What is the highest common factor of s and 6?
6
Suppose j = 2*n + 6*j - 10, 3*n - 15 = j. Let l be ((-9)/(-12))/((-9)/(-60)). What is the highest common divisor of n and l?
5
Let q = -3 - -1. Let c be (q + 7)/((-2)/(-22)). What is the greatest common factor of c and 5?
5
Let k(s) = 3*s - 2*s + 10*s**2 + s + 1. Let p be k(-4). What is the highest common divisor of p and 17?
17
Let j be (-1)/(-2) + (-885)/(-30). Calculate t